{"id":50,"date":"2024-11-22T16:03:46","date_gmt":"2024-11-22T15:03:46","guid":{"rendered":"https:\/\/osteodourdan.com\/?page_id=50"},"modified":"2024-11-22T16:03:46","modified_gmt":"2024-11-22T15:03:46","slug":"osteopathie-animale","status":"publish","type":"page","link":"https:\/\/osteodourdan.com\/index.php\/osteopathie-animale\/","title":{"rendered":"Ost\u00e9opathie Animale"},"content":{"rendered":"\n<h4 class=\"wp-block-heading\">Canin<\/h4>\n\n\n\n<p>La prise en charge de votre compagnon est diff\u00e9rente en fonction de l\u2019utilisation de l\u2019animal, on retrouvera plusieurs types de chiens :<\/p>\n\n\n\n<p><strong>Le chien dit de travail<\/strong>&nbsp;: chien de berger, chien militaire, chien de brigade cynophile ou chien de surveillance.<\/p>\n\n\n\n<p>Nous retrouvons sur ce type de chien certaines l\u00e9sions caract\u00e9ristiques, en fonction de l\u2019activit\u00e9, surtout d\u2019origine traumatique.<\/p>\n\n\n\n<p><strong>Le chien de chasse<\/strong>, l\u00e0 aussi nous retrouverons des l\u00e9sions d\u2019origine traumatique, mais aussi des l\u00e9sions d\u2019origine m\u00e9canique (tendinite, contracture musculaire, subluxation\u2026).<\/p>\n\n\n\n<p>Certaines malformations lorsqu\u2019elles n\u2019ont pas \u00e9t\u00e9 diagnostiqu\u00e9es en amont par un v\u00e9t\u00e9rinaire (par exemple dysplasies au niveau des hanches, au niveau des coudes chez certaines races) ne permettent pas un travail optimal de votre animal.<\/p>\n\n\n\n<p><strong>Le chien de compagnie<\/strong>, l\u00e0 encore certaines l\u00e9sions seront traumatiques, mais dans une moindre mesure que sur le chien de travail.<\/p>\n\n\n\n<p>La s\u00e9ance commence par une v\u00e9rification des allures de votre animal de compagnie et une palpation minutieuse, afin de d\u00e9terminer le traitement ost\u00e9opathique le plus appropri\u00e9. L\u2019ost\u00e9opathe proc\u00e8dera alors \u00e0 une s\u00e9rie de manipulations et de travail musculaire afin de soulager votre animal.<\/p>\n\n\n\n<h4 class=\"wp-block-heading\">Equin<\/h4>\n\n\n\n<p>Que votre cheval soit de travail, de sport ou de loisir, une prise en charge en ost\u00e9opathie peut-\u00eatre n\u00e9cessaire si apparaissent des changements de comportement, des restrictions m\u00e9caniques (boiteries, refus de changements de pied, difficult\u00e9 de r\u00e9ception au saut), des douleurs, ou bien encore des suite d\u2019une chute ou d\u2019un choc.<\/p>\n\n\n\n<p>Il peut y avoir la mise en place d\u2019un nouveau sch\u00e9ma de fonctionnement locomoteur. L\u2019anamn\u00e8se, l\u2019observation, la palpation de votre \u00e9quid\u00e9 d\u00e9termineront les soins les plus \u00e0 m\u00eame de le soulager.<\/p>\n\n\n\n<p>N\u2019h\u00e9sitez pas \u00e0 nous contacter pour de plus amples informations.<\/p>\n","protected":false},"excerpt":{"rendered":"<p>Canin La prise en charge de votre compagnon est diff\u00e9rente en fonction de l\u2019utilisation de l\u2019animal, on retrouvera plusieurs types de chiens : Le chien dit de travail&nbsp;: chien de berger, chien militaire, chien de brigade cynophile ou chien de surveillance. Nous retrouvons sur ce type de chien certaines l\u00e9sions caract\u00e9ristiques, en fonction de l\u2019activit\u00e9, [&hellip;]<\/p>\n","protected":false},"author":1,"featured_media":0,"parent":0,"menu_order":0,"comment_status":"closed","ping_status":"closed","template":"","meta":{"ub_ctt_via":"","footnotes":""},"class_list":["post-50","page","type-page","status-publish","hentry"],"featured_image_src":null,"jetpack_sharing_enabled":true,"_links":{"self":[{"href":"https:\/\/osteodourdan.com\/index.php\/wp-json\/wp\/v2\/pages\/50","targetHints":{"allow":["GET"]}}],"collection":[{"href":"https:\/\/osteodourdan.com\/index.php\/wp-json\/wp\/v2\/pages"}],"about":[{"href":"https:\/\/osteodourdan.com\/index.php\/wp-json\/wp\/v2\/types\/page"}],"author":[{"embeddable":true,"href":"https:\/\/osteodourdan.com\/index.php\/wp-json\/wp\/v2\/users\/1"}],"replies":[{"embeddable":true,"href":"https:\/\/osteodourdan.com\/index.php\/wp-json\/wp\/v2\/comments?post=50"}],"version-history":[{"count":1,"href":"https:\/\/osteodourdan.com\/index.php\/wp-json\/wp\/v2\/pages\/50\/revisions"}],"predecessor-version":[{"id":51,"href":"https:\/\/osteodourdan.com\/index.php\/wp-json\/wp\/v2\/pages\/50\/revisions\/51"}],"wp:attachment":[{"href":"https:\/\/osteodourdan.com\/index.php\/wp-json\/wp\/v2\/media?parent=50"}],"curies":[{"name":"wp","href":"https:\/\/api.w.org\/{rel}","templated":true}]}}